{"id":374,"date":"2024-02-26T22:08:38","date_gmt":"2024-02-26T21:08:38","guid":{"rendered":"https:\/\/elytio.com\/?page_id=374"},"modified":"2024-03-13T11:02:34","modified_gmt":"2024-03-13T10:02:34","slug":"mentions-legales","status":"publish","type":"page","link":"https:\/\/elytio.com\/index.php\/mentions-legales\/","title":{"rendered":"Mentions l\u00e9gales"},"content":{"rendered":"[vc_row type=\u00a0\u00bbfull_width_content\u00a0\u00bb full_screen_row_position=\u00a0\u00bbmiddle\u00a0\u00bb column_margin=\u00a0\u00bbdefault\u00a0\u00bb column_direction=\u00a0\u00bbdefault\u00a0\u00bb column_direction_tablet=\u00a0\u00bbdefault\u00a0\u00bb column_direction_phone=\u00a0\u00bbdefault\u00a0\u00bb bg_color=\u00a0\u00bb#566678&Prime; bg_image=\u00a0\u00bb250&Prime; bg_position=\u00a0\u00bbcenter center\u00a0\u00bb background_image_loading=\u00a0\u00bbdefault\u00a0\u00bb bg_repeat=\u00a0\u00bbno-repeat\u00a0\u00bb scene_position=\u00a0\u00bbcenter\u00a0\u00bb top_padding=\u00a0\u00bb12%\u00a0\u00bb constrain_group_1=\u00a0\u00bbyes\u00a0\u00bb bottom_padding=\u00a0\u00bb12%\u00a0\u00bb left_padding_desktop=\u00a0\u00bb10%\u00a0\u00bb constrain_group_2=\u00a0\u00bbyes\u00a0\u00bb right_padding_desktop=\u00a0\u00bb10%\u00a0\u00bb top_padding_tablet=\u00a0\u00bb25%\u00a0\u00bb text_color=\u00a0\u00bblight\u00a0\u00bb text_align=\u00a0\u00bbleft\u00a0\u00bb row_border_radius=\u00a0\u00bbnone\u00a0\u00bb row_border_radius_applies=\u00a0\u00bbbg\u00a0\u00bb overflow=\u00a0\u00bbvisible\u00a0\u00bb enable_gradient=\u00a0\u00bbtrue\u00a0\u00bb color_overlay=\u00a0\u00bbrgba(10,10,10,0.4)\u00a0\u00bb color_overlay_2=\u00a0\u00bb#0a0a0a\u00a0\u00bb advanced_gradient_angle=\u00a0\u00bb0&Prime; overlay_strength=\u00a0\u00bb0.95&Prime; gradient_direction=\u00a0\u00bbtop_to_bottom\u00a0\u00bb shape_divider_position=\u00a0\u00bbbottom\u00a0\u00bb bg_image_animation=\u00a0\u00bbzoom-out-slow\u00a0\u00bb parallax_bg=\u00a0\u00bbtrue\u00a0\u00bb parallax_bg_speed=\u00a0\u00bbfast\u00a0\u00bb gradient_type=\u00a0\u00bbdefault\u00a0\u00bb shape_type=\u00a0\u00bb\u00a0\u00bb][vc_column column_padding=\u00a0\u00bbno-extra-padding\u00a0\u00bb column_padding_tablet=\u00a0\u00bbinherit\u00a0\u00bb column_padding_phone=\u00a0\u00bbinherit\u00a0\u00bb column_padding_position=\u00a0\u00bball\u00a0\u00bb column_element_direction_desktop=\u00a0\u00bbdefault\u00a0\u00bb column_element_spacing=\u00a0\u00bb0px\u00a0\u00bb centered_text=\u00a0\u00bbtrue\u00a0\u00bb desktop_text_alignment=\u00a0\u00bbdefault\u00a0\u00bb tablet_text_alignment=\u00a0\u00bbdefault\u00a0\u00bb phone_text_alignment=\u00a0\u00bbdefault\u00a0\u00bb background_color_opacity=\u00a0\u00bb1&Prime; background_hover_color_opacity=\u00a0\u00bb1&Prime; column_backdrop_filter=\u00a0\u00bbnone\u00a0\u00bb column_shadow=\u00a0\u00bbnone\u00a0\u00bb column_border_radius=\u00a0\u00bbnone\u00a0\u00bb column_link_target=\u00a0\u00bb_self\u00a0\u00bb column_position=\u00a0\u00bbdefault\u00a0\u00bb advanced_gradient_angle=\u00a0\u00bb0&Prime; gradient_direction=\u00a0\u00bbleft_to_right\u00a0\u00bb overlay_strength=\u00a0\u00bb0.3&Prime; width=\u00a0\u00bb1\/1&Prime; tablet_width_inherit=\u00a0\u00bbdefault\u00a0\u00bb animation_type=\u00a0\u00bbdefault\u00a0\u00bb bg_image_animation=\u00a0\u00bbnone\u00a0\u00bb border_type=\u00a0\u00bbsimple\u00a0\u00bb column_border_width=\u00a0\u00bbnone\u00a0\u00bb column_border_style=\u00a0\u00bbsolid\u00a0\u00bb gradient_type=\u00a0\u00bbdefault\u00a0\u00bb][vc_row_inner column_margin=\u00a0\u00bbnone\u00a0\u00bb column_direction=\u00a0\u00bbdefault\u00a0\u00bb column_direction_tablet=\u00a0\u00bbdefault\u00a0\u00bb column_direction_phone=\u00a0\u00bbdefault\u00a0\u00bb text_align=\u00a0\u00bbleft\u00a0\u00bb row_position=\u00a0\u00bbdefault\u00a0\u00bb row_position_tablet=\u00a0\u00bbinherit\u00a0\u00bb row_position_phone=\u00a0\u00bbinherit\u00a0\u00bb zindex=\u00a0\u00bb100&Prime; overflow=\u00a0\u00bbvisible\u00a0\u00bb pointer_events=\u00a0\u00bball\u00a0\u00bb][vc_column_inner column_padding=\u00a0\u00bbno-extra-padding\u00a0\u00bb column_padding_tablet=\u00a0\u00bbinherit\u00a0\u00bb column_padding_phone=\u00a0\u00bbinherit\u00a0\u00bb column_padding_position=\u00a0\u00bball\u00a0\u00bb column_element_direction_desktop=\u00a0\u00bbdefault\u00a0\u00bb column_element_spacing=\u00a0\u00bbdefault\u00a0\u00bb desktop_text_alignment=\u00a0\u00bbdefault\u00a0\u00bb tablet_text_alignment=\u00a0\u00bbdefault\u00a0\u00bb phone_text_alignment=\u00a0\u00bbdefault\u00a0\u00bb background_color_opacity=\u00a0\u00bb1&Prime; background_hover_color_opacity=\u00a0\u00bb1&Prime; column_backdrop_filter=\u00a0\u00bbnone\u00a0\u00bb column_shadow=\u00a0\u00bbnone\u00a0\u00bb column_border_radius=\u00a0\u00bbnone\u00a0\u00bb column_link_target=\u00a0\u00bb_self\u00a0\u00bb overflow=\u00a0\u00bbvisible\u00a0\u00bb gradient_direction=\u00a0\u00bbleft_to_right\u00a0\u00bb overlay_strength=\u00a0\u00bb0.3&Prime; width=\u00a0\u00bb1\/1&Prime; tablet_width_inherit=\u00a0\u00bbdefault\u00a0\u00bb animation_type=\u00a0\u00bbdefault\u00a0\u00bb bg_image_animation=\u00a0\u00bbnone\u00a0\u00bb border_type=\u00a0\u00bbsimple\u00a0\u00bb column_border_width=\u00a0\u00bbnone\u00a0\u00bb column_border_style=\u00a0\u00bbsolid\u00a0\u00bb][split_line_heading animation_type=\u00a0\u00bbline-reveal-by-space\u00a0\u00bb font_style=\u00a0\u00bbh1&Prime; line_reveal_by_space_text_effect=\u00a0\u00bbletter-reveal-bottom\u00a0\u00bb stagger_animation=\u00a0\u00bbtrue\u00a0\u00bb content_alignment=\u00a0\u00bbdefault\u00a0\u00bb mobile_content_alignment=\u00a0\u00bbinherit\u00a0\u00bb link_target=\u00a0\u00bb_self\u00a0\u00bb text_content=\u00a0\u00bbMentions l\u00e9gales\u00a0\u00bb font_size=\u00a0\u00bb4vw\u00a0\u00bb][\/split_line_heading][\/vc_column_inner][\/vc_row_inner][\/vc_column][\/vc_row][vc_row type=\u00a0\u00bbin_container\u00a0\u00bb full_screen_row_position=\u00a0\u00bbmiddle\u00a0\u00bb column_margin=\u00a0\u00bbdefault\u00a0\u00bb column_direction=\u00a0\u00bbdefault\u00a0\u00bb column_direction_tablet=\u00a0\u00bbdefault\u00a0\u00bb column_direction_phone=\u00a0\u00bbdefault\u00a0\u00bb scene_position=\u00a0\u00bbcenter\u00a0\u00bb text_color=\u00a0\u00bbdark\u00a0\u00bb text_align=\u00a0\u00bbleft\u00a0\u00bb row_border_radius=\u00a0\u00bbnone\u00a0\u00bb row_border_radius_applies=\u00a0\u00bbbg\u00a0\u00bb overflow=\u00a0\u00bbvisible\u00a0\u00bb overlay_strength=\u00a0\u00bb0.3&Prime; gradient_direction=\u00a0\u00bbleft_to_right\u00a0\u00bb shape_divider_position=\u00a0\u00bbbottom\u00a0\u00bb bg_image_animation=\u00a0\u00bbnone\u00a0\u00bb gradient_type=\u00a0\u00bbdefault\u00a0\u00bb shape_type=\u00a0\u00bb\u00a0\u00bb][vc_column column_padding=\u00a0\u00bbpadding-10-percent\u00a0\u00bb column_padding_tablet=\u00a0\u00bbinherit\u00a0\u00bb column_padding_phone=\u00a0\u00bbinherit\u00a0\u00bb column_padding_position=\u00a0\u00bball\u00a0\u00bb column_element_direction_desktop=\u00a0\u00bbdefault\u00a0\u00bb column_element_spacing=\u00a0\u00bbdefault\u00a0\u00bb desktop_text_alignment=\u00a0\u00bbdefault\u00a0\u00bb tablet_text_alignment=\u00a0\u00bbdefault\u00a0\u00bb phone_text_alignment=\u00a0\u00bbdefault\u00a0\u00bb background_color_opacity=\u00a0\u00bb1&Prime; background_hover_color_opacity=\u00a0\u00bb1&Prime; column_backdrop_filter=\u00a0\u00bbnone\u00a0\u00bb column_shadow=\u00a0\u00bbnone\u00a0\u00bb column_border_radius=\u00a0\u00bbnone\u00a0\u00bb column_link_target=\u00a0\u00bb_self\u00a0\u00bb column_position=\u00a0\u00bbdefault\u00a0\u00bb gradient_direction=\u00a0\u00bbleft_to_right\u00a0\u00bb overlay_strength=\u00a0\u00bb0.3&Prime; width=\u00a0\u00bb1\/1&Prime; tablet_width_inherit=\u00a0\u00bbdefault\u00a0\u00bb animation_type=\u00a0\u00bbdefault\u00a0\u00bb bg_image_animation=\u00a0\u00bbnone\u00a0\u00bb border_type=\u00a0\u00bbsimple\u00a0\u00bb column_border_width=\u00a0\u00bbnone\u00a0\u00bb column_border_style=\u00a0\u00bbsolid\u00a0\u00bb column_padding_type=\u00a0\u00bbdefault\u00a0\u00bb gradient_type=\u00a0\u00bbdefault\u00a0\u00bb][vc_column_text]\n<h2><em>\u00c9DITEUR DU SITE<\/em><\/h2>\n<p><strong>ELYTIO &#8211; Marque d\u00e9pos\u00e9e par la soci\u00e9t\u00e9 EMB.<\/strong><\/p>\n<p>EMB \u2013 SOCI\u00c9T\u00c9 D\u2019EXPERTISE-COMPTABLE<br \/>\n1 Rue Georges Brassens 33700 M\u00e9rignac<br \/>\nSARL au capital de 1000,00 euros \u2013 R.C.S. BORDEAUX 878916121<br \/>\nInscrite au tableau de l\u2019Ordre des Experts-Comptables de la r\u00e9gion Bordeaux \u2013 Nouvelle-Aquitaine<\/p>\n<p>Nom du directeur de la publication\/responsable de la r\u00e9daction : Estelle Morello-Boirie<\/p>\n<p>&nbsp;<\/p>\n<h2><em>H\u00c9BERGEUR DU SITE<\/em><\/h2>\n<p>Nom de l\u2019h\u00e9bergeur du site\u00a0: OVH<\/p>\n<p>Raison sociale\u00a0: OVH SAS<\/p>\n<p>Plateforme de gestion et cr\u00e9ation de sites internet<\/p>\n<p>Adresse\u00a0: 2 rue Kellermann \u2013 59100 Roubaix \u2013 France<\/p>\n<p>Site web\u00a0:\u00a0<a href=\"https:\/\/www.ovh.com\/\" target=\"_blank\" rel=\"noopener\">https:\/\/www.ovh.com<\/a><\/p>\n<p>&nbsp;<\/p>\n<h2><em>COOKIES<\/em><\/h2>\n<p>Les cookies d\u00e9signent des identifiants alphanum\u00e9riques transf\u00e9r\u00e9s sur le disque dur de l\u2019\u00e9quipement de l\u2019Utilisateur via son navigateur internet et qui permet \u00e0 Elytio de reconna\u00eetre ce navigateur.<\/p>\n<p>Elytio se r\u00e9serve le droit de placer des \u00ab cookies \u00bb sur l\u2019ordinateur de l\u2019Utilisateur et d\u2019y acc\u00e9der.<\/p>\n<p>Les cookies utilis\u00e9s sur le site du groupe Elytio permettent d\u2019identifier les services et rubriques que l\u2019Utilisateur a visit\u00e9s, et plus g\u00e9n\u00e9ralement son comportement en mati\u00e8re de visites.<\/p>\n<p>Ces informations sont utiles pour mieux personnaliser les services, contenus, offres promotionnelles et banni\u00e8res qui apparaissent sur le site Elytio .<\/p>\n<p>L\u2019Utilisateur peut d\u00e9sactiver les cookies ou les supprimer en utilisant les options de son navigateur. Chaque navigateur \u00e9tant diff\u00e9rent, l\u2019Utilisateur est invit\u00e9 \u00e0 consulter la notice de son navigateur pour le param\u00e9trer \u00e0 sa convenance.<\/p>\n<p>Les cookies pourront enregistrer les visites, la date et l\u2019heure de la consultation.<\/p>\n<p>Les cookies seront conserv\u00e9s sur le disque dur de l\u2019Utilisateur pendant douze (12) mois.<\/p>\n<p>&nbsp;<\/p>\n<h2><em>PROPRI\u00c9T\u00c9 INTELLECTUELLE<\/em><\/h2>\n<p>Elytio est une marque d\u00e9pos\u00e9e. Les marques, logos et plus g\u00e9n\u00e9ralement tous les \u00e9l\u00e9ments de propri\u00e9t\u00e9 intellectuelle, \u00e0 l\u2019exception des marques, logos ou contenus appartenant \u00e0 d\u2019autres soci\u00e9t\u00e9s partenaires ou auteurs, sont d\u00e9pos\u00e9es et prot\u00e9g\u00e9es \u00e0 ce titre par Elytio. Toute reproduction, distribution, modification, adaptation, retransmission ou publication, m\u00eame partielle, de ces diff\u00e9rents \u00e9l\u00e9ments est strictement interdite.<\/p>\n<p>Cette repr\u00e9sentation ou reproduction, par quelque proc\u00e9d\u00e9 que ce soit, constitue une contrefa\u00e7on sanctionn\u00e9e par les articles L.3335-2 et suivants du Code de la propri\u00e9t\u00e9 intellectuelle. Le non-respect de cette interdiction constitue une contrefa\u00e7on pouvant engager la responsabilit\u00e9 civile et p\u00e9nale du contrefacteur. En outre, les propri\u00e9taires des contenus copi\u00e9s pourraient intenter une action en justice \u00e0 votre encontre.<\/p>\n<p>Elytio est identiquement propri\u00e9taire des \u00ab droits des producteurs de bases de donn\u00e9es \u00bb vis\u00e9s au Livre III, Titre IV, du Code de la Propri\u00e9t\u00e9 Intellectuelle (loi n\u00b0 98-536 du 1er juillet 1998) relative aux droits d\u2019auteur et aux bases de donn\u00e9es.<\/p>\n<p>Les Utilisateurs du site internet peuvent mettre en place un hyperlien en direction de ce site.<\/p>\n<p>Par ailleurs, la mise en forme de ce site a n\u00e9cessit\u00e9 le recours \u00e0 des sources externes dont nous avons acquis les droits ou dont les droits d\u2019utilisation sont ouverts.<\/p>\n<h2><\/h2>\n<h2><em>LIMITATION DE RESPONSABILIT\u00c9<\/em><\/h2>\n<p><strong>NAVIGATION SUR LE SITE<\/strong><\/p>\n<p>Elytio ne saurait \u00eatre responsable d\u2019une inex\u00e9cution ou d\u2019une mauvaise ex\u00e9cution intervenant en raison d\u2019un fait impr\u00e9visible ou insurmontable ou d\u2019un cas de force majeure tel que d\u00e9fini par la loi et la jurisprudence des Tribunaux fran\u00e7ais.<br \/>\nIl appartient \u00e0 l\u2019Utilisateur de prendre l\u2019ensemble des mesures appropri\u00e9es afin de prot\u00e9ger ses propres appareils, donn\u00e9es et\/ou logiciels de toute contamination \u00e0 d\u2019\u00e9ventuels virus informatiques v\u00e9hicul\u00e9s par l\u2019Internet. En cons\u00e9quence, la responsabilit\u00e9 d&rsquo;Elytio ne pourra en aucun cas \u00eatre recherch\u00e9e du fait de l\u2019utilisation de l\u2019espace client et de ses outils par l\u2019Utilisateur sur le site www.elytio.com<\/p>\n<p>De m\u00eame, la responsabilit\u00e9 d&rsquo;Elytio ne saurait \u00eatre engag\u00e9e dans les cas suivants :<\/p>\n<ul>\n<li>Difficult\u00e9s de fonctionnement ou interruptions du site www.elytio.com ind\u00e9pendamment de la volont\u00e9 d&rsquo;Elytio ;<\/li>\n<li>Interruptions momentan\u00e9es du site www.elytio.com\u00a0n\u00e9cessaires \u00e0 son \u00e9volution, sa maintenance ou sa mise \u00e0 jour ;<\/li>\n<li>D\u00e9faillances ou dysfonctionnements du r\u00e9seau Internet dans la transmission de donn\u00e9es, messages ou documents.<\/li>\n<\/ul>\n<p>De plus, Elytio prend toutes les pr\u00e9cautions possibles pour s\u2019assurer de la s\u00e9curit\u00e9 et de la confidentialit\u00e9 des donn\u00e9es transmises par l\u2019Utilisateur.<\/p>\n<p>&nbsp;<\/p>\n<p><strong>UTILISATION DES CONTENUS DU SITE<\/strong><\/p>\n<p>Elytio s\u2019emploie \u00e0 proposer sur son site l\u2019information la plus fiable et actualis\u00e9e possible. Cependant, la fr\u00e9quence de modification des lois et r\u00e8glementations peut impacter sa v\u00e9racit\u00e9 ;\u00a0 des erreurs ou omissions peuvent donc survenir.<\/p>\n<p>Les informations communiqu\u00e9es sur le site ne peuvent en aucun cas \u00eatre assimil\u00e9es \u00e0 des prestations de service ou de conseil qu&rsquo;Elytio offrirait \u00e0 l\u2019Utilisateur.<\/p>\n<p>Chaque entreprise ou projet entrepreneurial a ses sp\u00e9cificit\u00e9s et la consultation d\u2019une personne professionnellement comp\u00e9tente et habilit\u00e9e est n\u00e9cessaire.<\/p>\n<p>Ainsi, en aucun cas la responsabilit\u00e9 d&rsquo;Elytio ne saurait \u00eatre engag\u00e9e du fait de l\u2019usage que l\u2019Utilisateur pourrait faire des informations pr\u00e9sentes sur le site www.elytio.com.<\/p>\n<p>Tout contenu t\u00e9l\u00e9charg\u00e9 se fait aux risques et p\u00e9rils de l\u2019Utilisateur et sous sa seule responsabilit\u00e9. En cons\u00e9quence, ne saurait \u00eatre tenu responsable d\u2019un quelconque dommage subi par l\u2019ordinateur de l\u2019Utilisateur ou d\u2019une quelconque perte de donn\u00e9es cons\u00e9cutives au t\u00e9l\u00e9chargement.<\/p>\n<p>Les photos sont non contractuelles.<\/p>\n<p>&nbsp;<\/p>\n<p><b>LIENS HYPERTEXTES PR\u00c9SENTS\u00a0SUR LE SITE<\/b><\/p>\n<p>Les liens hypertextes mis en place dans le cadre du pr\u00e9sent site internet en direction d\u2019autres ressources pr\u00e9sentes sur le r\u00e9seau Internet ne sauraient engager la responsabilit\u00e9 d&rsquo;Elytio.<br \/>\nLe site internet www.elytio.com peut offrir des liens vers d\u2019autres sites internet ou d\u2019autres ressources disponibles sur Internet.<\/p>\n<p>Elytio ne dispose d\u2019aucun moyen pour contr\u00f4ler les sites en connexion avec ces sites internet. Elytio ne r\u00e9pond pas de la disponibilit\u00e9 de tels sites et sources externes, ni ne la garantit.<\/p>\n<p>Elle ne peut \u00eatre tenue pour responsable de tout dommage, de quelque nature que ce soit, r\u00e9sultant du contenu de ces sites ou sources externes, et notamment des informations, produits ou services qu\u2019ils proposent, ou de tout usage qui peut \u00eatre fait de ces \u00e9l\u00e9ments. Les risques li\u00e9s \u00e0 cette utilisation incombent pleinement \u00e0 l\u2019internaute, qui doit se conformer \u00e0 leurs conditions d\u2019utilisation.<\/p>\n<p>En outre, le renvoi sur un site internet pour compl\u00e9ter une information recherch\u00e9e ne signifie en aucune fa\u00e7on qu&rsquo;Elytio reconna\u00eet ou accepte quelque responsabilit\u00e9 quant \u00e0 la teneur ou \u00e0 l\u2019utilisation dudit site.<\/p>\n<h2><\/h2>\n<h2><em>LITIGES<\/em><\/h2>\n<p>Les pr\u00e9sentes mentions l\u00e9gales sont r\u00e9gies par les lois fran\u00e7aises et toute contestation ou litige qui pourraient na\u00eetre de l\u2019interpr\u00e9tation ou de l\u2019ex\u00e9cution de celles-ci seront de la comp\u00e9tence exclusive des tribunaux dont d\u00e9pend le si\u00e8ge social de la soci\u00e9t\u00e9 EMB. La langue de r\u00e9f\u00e9rence, pour le r\u00e8glement de contentieux \u00e9ventuels, est le fran\u00e7ais.[\/vc_column_text][\/vc_column][\/vc_row]\n","protected":false},"excerpt":{"rendered":"<p>[vc_row type=\u00a0\u00bbfull_width_content\u00a0\u00bb full_screen_row_position=\u00a0\u00bbmiddle\u00a0\u00bb column_margin=\u00a0\u00bbdefault\u00a0\u00bb column_direction=\u00a0\u00bbdefault\u00a0\u00bb column_direction_tablet=\u00a0\u00bbdefault\u00a0\u00bb column_direction_phone=\u00a0\u00bbdefault\u00a0\u00bb bg_color=\u00a0\u00bb#566678&Prime; bg_image=\u00a0\u00bb250&Prime; bg_position=\u00a0\u00bbcenter center\u00a0\u00bb background_image_loading=\u00a0\u00bbdefault\u00a0\u00bb bg_repeat=\u00a0\u00bbno-repeat\u00a0\u00bb scene_position=\u00a0\u00bbcenter\u00a0\u00bb top_padding=\u00a0\u00bb12%\u00a0\u00bb constrain_group_1=\u00a0\u00bbyes\u00a0\u00bb bottom_padding=\u00a0\u00bb12%\u00a0\u00bb left_padding_desktop=\u00a0\u00bb10%\u00a0\u00bb constrain_group_2=\u00a0\u00bbyes\u00a0\u00bb right_padding_desktop=\u00a0\u00bb10%\u00a0\u00bb top_padding_tablet=\u00a0\u00bb25%\u00a0\u00bb text_color=\u00a0\u00bblight\u00a0\u00bb text_align=\u00a0\u00bbleft\u00a0\u00bb row_border_radius=\u00a0\u00bbnone\u00a0\u00bb row_border_radius_applies=\u00a0\u00bbbg\u00a0\u00bb overflow=\u00a0\u00bbvisible\u00a0\u00bb enable_gradient=\u00a0\u00bbtrue\u00a0\u00bb color_overlay=\u00a0\u00bbrgba(10,10,10,0.4)\u00a0\u00bb color_overlay_2=\u00a0\u00bb#0a0a0a\u00a0\u00bb advanced_gradient_angle=\u00a0\u00bb0&Prime;&#8230;<\/p>\n","protected":false},"author":2,"featured_media":0,"parent":0,"menu_order":0,"comment_status":"closed","ping_status":"closed","template":"","meta":{"footnotes":""},"class_list":["post-374","page","type-page","status-publish"],"_links":{"self":[{"href":"https:\/\/elytio.com\/index.php\/wp-json\/wp\/v2\/pages\/374","targetHints":{"allow":["GET"]}}],"collection":[{"href":"https:\/\/elytio.com\/index.php\/wp-json\/wp\/v2\/pages"}],"about":[{"href":"https:\/\/elytio.com\/index.php\/wp-json\/wp\/v2\/types\/page"}],"author":[{"embeddable":true,"href":"https:\/\/elytio.com\/index.php\/wp-json\/wp\/v2\/users\/2"}],"replies":[{"embeddable":true,"href":"https:\/\/elytio.com\/index.php\/wp-json\/wp\/v2\/comments?post=374"}],"version-history":[{"count":6,"href":"https:\/\/elytio.com\/index.php\/wp-json\/wp\/v2\/pages\/374\/revisions"}],"predecessor-version":[{"id":377,"href":"https:\/\/elytio.com\/index.php\/wp-json\/wp\/v2\/pages\/374\/revisions\/377"}],"wp:attachment":[{"href":"https:\/\/elytio.com\/index.php\/wp-json\/wp\/v2\/media?parent=374"}],"curies":[{"name":"wp","href":"https:\/\/api.w.org\/{rel}","templated":true}]}}